p?
2
What is the tens digit of (-64)/(-2) + (-7 - -7)?
3
Let l = 14 + -2. Let i = -5 + l. What is the units digit of i?
7
Let i be 6/15 + 294/15. Suppose -3*u - v = -6*v - 7, 5*v - i = 0. What is the units digit of u?
9
Let u(x) = x**3 + 8*x**2 - 2*x - 12. Let k be u(-8). Let q(n) = n**3 - 4*n**2 + 5*n - 6. What is the tens digit of q(k)?
1
Let l be 8/6*3/2. Suppose 0 = -2*j - 3*j - 2*s + 5, 0 = -2*j + 5*s + l. What is the units digit of j?
1
What is the units digit of (27/18)/((-6)/(-308))?
7
Suppose 0 = x + x. Let j = 5 - x. What is the units digit of j?
5
What is the units digit of -3 + -1*48/(-4)?
9
Suppose -124 = -5*c + 196. Suppose -k - k - 3*h + c = 0, h = -k + 31. What is the tens digit of k?
2
Suppose 11 = 2*x - h, 2*x + h + 2*h - 23 = 0. What is the units digit of 1071/49 - (-1)/x?
2
Let f = 20 - 16. Let h = -36 - -59. What is the units digit of h/5 + f/10?
5
Suppose 2*x = -3*x, 2*l + 5*x + 8 = 0. Let y(a) = a - 11. Let r be y(13). What is the units digit of (-23)/l + r/8?
6
Suppose -4*q - 4 = -5*d, 3*q - 4*d = d + 2. What is the units digit of q*(7/(-2) - -3)?
3
Let w(k) be the second derivative of k**5/20 + k**3/6 + 6*k**2 + 2*k. What is the tens digit of w(0)?
1
Let l(n) = -4 - n + 3*n - n. Let s be l(9). Suppose 4 = s*f - 1. What is the units digit of f?
1
Suppose 2*i - 4*i + 26 = 0. Let r = i - 6. What is the units digit of r?
7
What is the tens digit of (104 + 5)*(2 + -1) + 2?
1
Suppose -3*w - 15 = 5*y - 2*y, -w - 9 = 3*y. Let b = w - -43. Suppose 0 = -2*u - 2*u + b. What is the units digit of u?
0
Suppose 33 + 2 = -5*a. Let r = a - -11. What is the units digit of r?
4
Suppose y - 5*f + 43 = -2*y, y + 11 = f. Let m = y + 7. What is the units digit of m?
1
Suppose -4*c - 3*c + 189 = 0. What is the units digit of c?
7
Let o(q) be the second derivative of 5*q**4/12 + 2*q**3/3 - 3*q**2/2 + 2*q. What is the units digit of o(2)?
5
Suppose 4*t - 36 = 24. What is the tens digit of t?
1
Let u be ((-6)/(-9))/((-6)/(-27)). Suppose u*y + 2*y + l = 27, -l - 21 = -3*y. What is the units digit of y?
6
Let x(h) be the first derivative of h**2/2 - 3*h - 3. What is the units digit of x(4)?
1
Let f(y) = 5*y - 5. Let s be f(8). Suppose -2*j - 4 = 0, -2*j - s = -4*c - 3. What is the units digit of c?
7
Let r be 10/4 + (-3)/(-2). Suppose r*u - u - 72 = 0. What is the tens digit of u?
2
Let j(q) = -q**2 - 5*q - 3. Let w be 48/(-21) - 2/(-7). Let h be (2 - 0)/(w/4). What is the units digit of j(h)?
1
Suppose -7*t = t - 3040. What is the hundreds digit of t?
3
Suppose -z + 8 = l + l, 5*z = 0. Suppose 0*r = -2*r + l*b + 34, -b = 0. What is the units digit of r?
7
Suppose 5*b + 15 = 0, 0*x + 4*b = -x + 12. Let l(i) = i**3 + 7*i**2 + i - 7. Let z be l(-7). What is the units digit of x/z*(-28)/8?
6
Let k(h) = 25*h**2 + 1. Let d be k(-1). Let t = 53 - d. What is the units digit of t?
7
Let w = -5 - -8. Suppose w = 3*f - 6. Suppose 2*l = -5*q - 7, -3*l + q + 47 = -f*q. What is the units digit of l?
9
Let f(m) = m**3 - 7*m**2 - 7*m. Let l be f(8). Suppose 4*r + l = -2*d + 6*d, 2*d - 6 = r. Let t = d + -1. What is the units digit of t?
3
Let x(j) = -j**3 + 10*j**2 - 2*j - 7. What is the units digit of x(9)?
6
Let z = 4 - -8. What is the units digit of (7/(-3))/((-4)/z)?
7
Let f be (30/9)/(4/(-18)). Let s be (-1)/(2/23)*2. Let d = f - s. What is the units digit of d?
8
Let l(x) = x**2 - 2*x + 2. Let y be l(2). Suppose -y*n + 3 = -1. Suppose -m + 4*u + 18 = 0, m + 2*m - n = -u. What is the units digit of m?
2
Let g(t) = 4*t + 4. What is the units digit of g(13)?
6
Let k(n) = n - 11. Let l = -12 - -24. What is the units digit of k(l)?
1
Let q(r) = r**2 + 2*r + 2. Let v be q(-2). Suppose 4*j - 156 = -4*i, -v*j + 6*i - 3*i + 98 = 0. What is the tens digit of j?
4
Suppose 0 = -3*k - 3*q + 18, 0*q + 2*q + 16 = 2*k. What is the units digit of k?
7
Let m(l) = 151*l**3 + l**2 - l - 1. What is the units digit of m(1)?
0
Let w = -7 + 1. What is the units digit of 6/4*(-52)/w?
3
Let x = -258 - -182. Let i = -26 - x. What is the units digit of i?
0
Suppose 5*n = k + 732, 4 = k + 1. What is the units digit of n?
7
Suppose -3*d + 26 = -127. What is the units digit of d?
1
Suppose -5*l = 5*s - 0*s - 210, 3*l + 126 = 3*s. What is the units digit of s?
2
Let d be 12/9 + 2/3. Suppose -2*j + 36 = d*j. What is the units digit of j?
9
Suppose -o + 0*o - 2 = -4*l, -4*o - 3*l + 11 = 0. Suppose -o*v + 1 + 49 = 0. What is the units digit of v?
5
Let n = 105 + -26. What is the units digit of n?
9
Let m be ((-70)/25)/(4/(-10)). Suppose 9*t - 76 = m*t. What is the units digit of t?
8
Let p(o) = o**2 - 5*o + 6. Let n be p(4). Let k(f) = 0*f - f**2 - 5 + 2*f**3 - f + 3. What is the units digit of k(n)?
8
Suppose 2*q - 6 = w, 3*w - 3*q + 24 = q. Let g be (-2)/8 - 39/w. Suppose g*f + 2 = 8. What is the units digit of f?
2
Suppose -2*w + 10 = -5*f, -5*f + 0*f = 2*w + 10. Let g(j) = j + 14. What is the units digit of g(w)?
4
Let l(o) = 0 + 2 - o**2 + o**3 - 9*o**2. Let f be l(10). Suppose 6 = -f*t - 5*j, 3*t = -2*t + 4*j + 51. What is the units digit of t?
7
Let f = -10 - -71. What is the units digit of f?
1
Suppose 2*d - 2*s - 3*s - 23 = 0, 4*s + 28 = 4*d. What is the units digit of d?
4
What is the units digit of 13/(-2 - 20/(-8))?
6
Let j(n) = n**3 - 4*n**2 + 5*n - 3. Let d be j(3). What is the units digit of (d/(-1))/(18/(-96))?
6
Let k = 25 + 5. Let j = -16 - -34. Let m = k - j. What is the tens digit of m?
1
Suppose 5*z + 3*x - 87 = 0, 3*x + 50 = 2*z + 8*x. Suppose -2*c - k = -z, -3*c + c = 5*k - 19. Suppose c + 1 = a. What is the units digit of a?
8
Suppose 2*w + m + 21 = 4*w, 5*w + 2*m = 39. What is the units digit of w?
9
Let h(a) = a + 6. What is the tens digit of h(17)?
2
What is the tens digit of (-85)/(-3) - 3/9?
2
Let d = -19 + 19. Suppose d = 2*k + 3*k - 120. What is the tens digit of k?
2
Suppose 7*j = 6*j + 14. What is the tens digit of j?
1
Suppose 0 = 4*c + 3*s - 35, 0 = -c + 3*c + 3*s - 25. What is the units digit of 5 - 2/(c - 3)?
4
Suppose -4*d + 4 = -8. Let z be (8 - 1) + (4 - d). Suppose -3*i = -2*i - z. What is the units digit of i?
8
Let p(i) = 2*i**2 + 22*i + 39. What is the tens digit of p(-16)?
9
Let f(j) = j**2 - 6*j - 9. Let a be f(7). What is the units digit of 3 - (-5 + a/1)?
0
Suppose 0*w - w + 78 = 2*q, 5*w + 50 = q. What is the tens digit of q?
4
Suppose -15 = -3*k - 0. Suppose -96 = -2*x + k*z, x + z - 22 = -3*z. What is the tens digit of x?
3
Let i(k) = -k**3 + 11*k**2 - 11*k + 12. Let b be i(10). Let j = -2 - -4. Suppose 0 = -b*m - j*m + 48. What is the units digit of m?
2
Suppose -3*p + 5 = 5*b - 18, -5*p + 3*b - 7 = 0. Let m = p + 10. What is the units digit of m?
1
Suppose 2*z + 0 + 2 = 0. Let d(c) = 6*c**2 + 2*c + 1. What is the units digit of d(z)?
5
Suppose 0 = b - 3*b + 42. Suppose 0 = -5*v - m + 168, -2*v = -0*v - 4*m - 54. Let t = v - b. What is the tens digit of t?
1
What is the units digit of ((-4)/(-10) - 0)*65?
6
Let r = -327 - -467. What is the tens digit of r?
4
Let p(w) = -3*w**2 + 1 + w**2 + 8*w**2 - w**3. Suppose 2*q + j - 17 = 6*j, -2*q + 13 = -j. What is the units digit of p(q)?
1
Suppose 0 = 5*d + 2*j - 845, -676 = -3*d - d - 4*j. What is the units digit of d?
9
Let h be 4/(-22) + (-951)/33. Let v = 72 + h. What is the units digit of v?
3
Let a(g) be the third derivative of -g**4/24 - 7*g**3/6 + 3*g**2. Let p be a(-9). What is the units digit of (8/6)/(p/12)?
8
Let b be 5 - 1 - (-2 - -5). What is the tens digit of b*(-2 - 1) - -19?
1
Let y(h) = h**3 + 8*h**2 + 7*h + 10. Suppose 0 = -5*v - 2*r + 6*r - 43, -3*v + 3*r - 27 = 0. What is the units digit of y(v)?
0
Suppose -3*l = 2*l. Suppose -2*h = -l*h - 68. What is the tens digit of h?
3
Let n be (0 - 18) + 5/(-5). Let y = 31 + n. What is the units digit of y?
2
Suppose 2*g = 3*g - 2*f + 4, -2 = -5*g - f. Suppose -3*c = -g*c - 27. What is the units digit of c?
9
Let q(j) = -j**2 + 9. Suppose -w = 4*w. What is the units digit of q(w)?
9
Suppose -6*k = -4*k - 66. What is the units digit of k?
3
Let i(n) = 2*n**2 - 3*n - 2. Let o be i(3). Let r be 4*1/4 + 0. Let k = o + r. What is the units digit of k?
8
Let g = -191 + 396. What is the tens digit of g?
0
Let v = 180 + -154. What is the tens digit of v?
2
Let p = 573 + -395. What is the units digit of p?
8
Let m be 2*(-2 - (-10)/4). Let f